{"id":175,"date":"2025-10-12T16:17:19","date_gmt":"2025-10-12T16:17:19","guid":{"rendered":"https:\/\/kwiaciarnia.olsztyn.pl\/?page_id=175"},"modified":"2025-10-18T14:40:56","modified_gmt":"2025-10-18T14:40:56","slug":"strona-glowna","status":"publish","type":"page","link":"https:\/\/kwiaciarnia.olsztyn.pl\/","title":{"rendered":""},"content":{"rendered":"\n<div class=\"wp-block-cover alignfull\" style=\"padding-top:0px;padding-bottom:0px;min-height:300px;aspect-ratio:unset;\"><img loading=\"lazy\" decoding=\"async\" width=\"1500\" height=\"1307\" class=\"wp-block-cover__image-background wp-image-10 size-full\" alt=\"Pastelowy bukiet r\u00f3\u017c w banerze Kwiaciarnia Rosa\" src=\"https:\/\/kwiaciarnia.olsztyn.pl\/wp-content\/uploads\/2025\/09\/cropped-20250228_122030-scaled-1.jpg\" style=\"object-position:50% 50%\" data-object-fit=\"cover\" data-object-position=\"50% 50%\" srcset=\"https:\/\/kwiaciarnia.olsztyn.pl\/wp-content\/uploads\/2025\/09\/cropped-20250228_122030-scaled-1.jpg 1500w, https:\/\/kwiaciarnia.olsztyn.pl\/wp-content\/uploads\/2025\/09\/cropped-20250228_122030-scaled-1-300x261.jpg 300w, https:\/\/kwiaciarnia.olsztyn.pl\/wp-content\/uploads\/2025\/09\/cropped-20250228_122030-scaled-1-1024x892.jpg 1024w, https:\/\/kwiaciarnia.olsztyn.pl\/wp-content\/uploads\/2025\/09\/cropped-20250228_122030-scaled-1-768x669.jpg 768w, https:\/\/kwiaciarnia.olsztyn.pl\/wp-content\/uploads\/2025\/09\/cropped-20250228_122030-scaled-1-1140x993.jpg 1140w\" sizes=\"auto, (max-width: 1500px) 100vw, 1500px\" \/><span aria-hidden=\"true\" class=\"wp-block-cover__background has-contrast-background-color has-background-dim\"><\/span><div class=\"wp-block-cover__inner-container is-layout-flow wp-block-cover-is-layout-flow\">\n<hr class=\"wp-block-separator alignwide has-text-color has-base-color has-alpha-channel-opacity has-base-background-color has-background is-style-wide is-style-wide--1\" style=\"margin-top:0px;margin-bottom:0px\"\/>\n\n\n\n<div class=\"wp-block-group has-global-padding is-layout-constrained wp-block-group-is-layout-constrained\">\n<h1 class=\"wp-block-heading has-text-align-center\" style=\"font-size:clamp(32.969px, 2.061rem + ((1vw - 3.2px) * 2.552), 59px);\">Kwiaty, kt\u00f3re robi\u0105 wra\u017cenie<\/h1>\n\n\n\n<p class=\"has-text-align-center\" style=\"font-size:clamp(16.834px, 1.052rem + ((1vw - 3.2px) * 0.899), 26px);\"><em>Bukiety pe\u0142ne emocji \u2013 idealne na ka\u017cd\u0105 okazj\u0119<\/em><\/p>\n<\/div>\n<\/div><\/div>\n\n\n\n<hr class=\"wp-block-separator has-alpha-channel-opacity\"\/>\n\n\n\n<div class=\"wp-block-group has-global-padding is-layout-constrained wp-block-group-is-layout-constrained\">\n<h2 class=\"wp-block-heading has-text-align-center has-xx-large-font-size\" style=\"line-height:1.1\"><em>O nas<\/em><\/h2>\n<\/div>\n\n\n\n<div class=\"wp-block-columns is-layout-flex wp-container-core-columns-is-layout-28f84493 wp-block-columns-is-layout-flex\">\n<div class=\"wp-block-column is-layout-flow wp-block-column-is-layout-flow\" style=\"flex-basis:42%\">\n<figure class=\"wp-block-image size-full is-resized\" style=\"margin-right:0px\"><img loading=\"lazy\" decoding=\"async\" width=\"1920\" height=\"2560\" src=\"https:\/\/kwiaciarnia.olsztyn.pl\/wp-content\/uploads\/2025\/10\/20250228_122030-4-scaled.jpg\" alt=\"\" class=\"wp-image-395\" style=\"object-fit:cover;width:500px;height:300px\" srcset=\"https:\/\/kwiaciarnia.olsztyn.pl\/wp-content\/uploads\/2025\/10\/20250228_122030-4-scaled.jpg 1920w, https:\/\/kwiaciarnia.olsztyn.pl\/wp-content\/uploads\/2025\/10\/20250228_122030-4-225x300.jpg 225w, https:\/\/kwiaciarnia.olsztyn.pl\/wp-content\/uploads\/2025\/10\/20250228_122030-4-768x1024.jpg 768w, https:\/\/kwiaciarnia.olsztyn.pl\/wp-content\/uploads\/2025\/10\/20250228_122030-4-1152x1536.jpg 1152w, https:\/\/kwiaciarnia.olsztyn.pl\/wp-content\/uploads\/2025\/10\/20250228_122030-4-1536x2048.jpg 1536w\" sizes=\"auto, (max-width: 1920px) 100vw, 1920px\" \/><\/figure>\n<\/div>\n\n\n\n<div class=\"wp-block-column is-layout-flow wp-block-column-is-layout-flow\">\n<p class=\"has-medium-font-size\" style=\"font-style:normal;font-weight:600;line-height:1.6\">Kwiaciarnia Rosa to miejsce, gdzie kwiaty m\u00f3wi\u0105 wi\u0119cej ni\u017c s\u0142owa. Starannie dobrane i \u015bwie\u017ce, zamieniamy w bukiety, kt\u00f3re wzruszaj\u0105, ciesz\u0105 i zachwycaj\u0105. Niezale\u017cnie od okazji przygotowujemy dla Ciebie kompozycje pe\u0142ne pi\u0119kna i charakteru.<br>Tworzymy zar\u00f3wno klasyczne bukiety, jak i nowoczesne aran\u017cacje dostosowane do Twoich potrzeb. Ka\u017cda kompozycja powstaje z pasj\u0105 i dba\u0142o\u015bci\u0105 o najdrobniejsze szczeg\u00f3\u0142y. Zapewniamy kwiaty na uroczysto\u015bci rodzinne, spotkania biznesowe czy wyj\u0105tkowe dni pe\u0142ne emocji. Z nami podkre\u015blisz wag\u0119 ka\u017cdej chwili i sprawisz rado\u015b\u0107 bliskim.<\/p>\n<\/div>\n<\/div>\n\n\n\n<div class=\"wp-block-group has-global-padding is-layout-constrained wp-container-core-group-is-layout-b95138d3 wp-block-group-is-layout-constrained\" style=\"padding-top:64px;padding-right:var(--wp--preset--spacing--20);padding-bottom:64px;padding-left:var(--wp--preset--spacing--20)\">\n<h2 class=\"wp-block-heading has-text-align-center has-xx-large-font-size\" style=\"line-height:0.4\"><em>Dlaczego my?<\/em><\/h2>\n\n\n\n<div style=\"height:7px\" aria-hidden=\"true\" class=\"wp-block-spacer\"><\/div>\n\n\n\n<div class=\"wp-block-columns is-layout-flex wp-container-core-columns-is-layout-28f84493 wp-block-columns-is-layout-flex\">\n<div class=\"wp-block-column is-vertically-aligned-stretch is-layout-flow wp-block-column-is-layout-flow\" style=\"flex-basis:350px\">\n<figure class=\"wp-block-image size-full is-resized\"><img loading=\"lazy\" decoding=\"async\" width=\"1920\" height=\"2560\" src=\"https:\/\/kwiaciarnia.olsztyn.pl\/wp-content\/uploads\/2025\/10\/20250718_115126-scaled.jpg\" alt=\"\" class=\"wp-image-397\" style=\"object-fit:cover;width:400px;height:420px\" srcset=\"https:\/\/kwiaciarnia.olsztyn.pl\/wp-content\/uploads\/2025\/10\/20250718_115126-scaled.jpg 1920w, https:\/\/kwiaciarnia.olsztyn.pl\/wp-content\/uploads\/2025\/10\/20250718_115126-225x300.jpg 225w, https:\/\/kwiaciarnia.olsztyn.pl\/wp-content\/uploads\/2025\/10\/20250718_115126-768x1024.jpg 768w, https:\/\/kwiaciarnia.olsztyn.pl\/wp-content\/uploads\/2025\/10\/20250718_115126-1152x1536.jpg 1152w, https:\/\/kwiaciarnia.olsztyn.pl\/wp-content\/uploads\/2025\/10\/20250718_115126-1536x2048.jpg 1536w\" sizes=\"auto, (max-width: 1920px) 100vw, 1920px\" \/><\/figure>\n<\/div>\n\n\n\n<div class=\"wp-block-column is-layout-flow wp-block-column-is-layout-flow\">\n<ul class=\"wp-block-list is-style-checkmark-list\">\n<li class=\"has-medium-font-size\" style=\"font-style:normal;font-weight:600\">\ud83c\udf38 <strong>Pasja i do\u015bwiadczenie<\/strong> &#8211; od ponad 20 lat tworzymy kwiatowe aran\u017cacje, kt\u00f3re budz\u0105 emocje i podkre\u015blaj\u0105 wyj\u0105tkowo\u015b\u0107 ka\u017cdej chwili.<\/li>\n\n\n\n<li class=\"has-medium-font-size\" style=\"font-style:normal;font-weight:600\">\ud83c\udf38 <strong>Indywidualne podej\u015bcie<\/strong> &#8211; ka\u017cdy bukiet komponujemy z my\u015bl\u0105 o Twoich oczekiwaniach i okazji, dbaj\u0105c o ka\u017cdy, nawet najmniejszy szczeg\u00f3\u0142.<\/li>\n\n\n\n<li class=\"has-medium-font-size\" style=\"font-style:normal;font-weight:600\">\ud83c\udf38 <strong>Szeroka oferta<\/strong> &#8211; oferujemy bukiety codzienne, dekoracje \u015blubne, eleganckie kompozycje biznesowe oraz wie\u0144ce okoliczno\u015bciowe \u2013 na ka\u017cd\u0105 okazj\u0119.<\/li>\n\n\n\n<li class=\"has-medium-font-size\" style=\"font-style:normal;font-weight:600\">\ud83c\udf38 <strong>\u015awie\u017co\u015b\u0107 gwarantowana<\/strong> &#8211; codziennie sprowadzamy kwiaty od sprawdzonych dostawc\u00f3w, dzi\u0119ki czemu nasze bukiety zachwycaj\u0105 wygl\u0105dem i trwa\u0142o\u015bci\u0105.<\/li>\n\n\n\n<li class=\"has-medium-font-size\" style=\"font-style:normal;font-weight:600\">\ud83c\udf38 <strong>Profesjonalne doradztwo<\/strong> &#8211; z przyjemno\u015bci\u0105 doradzimy, jakie kwiaty najlepiej sprawdz\u0105 si\u0119 w konkretnej sytuacji i jak stworzy\u0107 wyj\u0105tkowy prezent.<\/li>\n<\/ul>\n<\/div>\n<\/div>\n<\/div>\n\n\n\n<div class=\"wp-block-cover has-xx-large-font-size has-aspect-ratio\" style=\"margin-top:0;margin-bottom:0;padding-top:0;padding-right:0;padding-bottom:0;padding-left:0;min-height:246px;aspect-ratio:auto;min-height:unset;\"><img loading=\"lazy\" decoding=\"async\" width=\"768\" height=\"1024\" class=\"wp-block-cover__image-background wp-image-9 size-large\" alt=\"\" src=\"https:\/\/kwiaciarnia.olsztyn.pl\/wp-content\/uploads\/2025\/09\/20250228_122030-768x1024.jpg\" data-object-fit=\"cover\" srcset=\"https:\/\/kwiaciarnia.olsztyn.pl\/wp-content\/uploads\/2025\/09\/20250228_122030-768x1024.jpg 768w, https:\/\/kwiaciarnia.olsztyn.pl\/wp-content\/uploads\/2025\/09\/20250228_122030-225x300.jpg 225w, https:\/\/kwiaciarnia.olsztyn.pl\/wp-content\/uploads\/2025\/09\/20250228_122030-1152x1536.jpg 1152w, https:\/\/kwiaciarnia.olsztyn.pl\/wp-content\/uploads\/2025\/09\/20250228_122030-1536x2048.jpg 1536w, https:\/\/kwiaciarnia.olsztyn.pl\/wp-content\/uploads\/2025\/09\/20250228_122030-1140x1520.jpg 1140w, https:\/\/kwiaciarnia.olsztyn.pl\/wp-content\/uploads\/2025\/09\/20250228_122030-scaled.jpg 1920w\" sizes=\"auto, (max-width: 768px) 100vw, 768px\" \/><span aria-hidden=\"true\" class=\"wp-block-cover__background has-contrast-background-color has-background-dim-70 has-background-dim\"><\/span><div class=\"wp-block-cover__inner-container has-global-padding is-layout-constrained wp-container-core-cover-is-layout-ae81747c wp-block-cover-is-layout-constrained\">\n<p class=\"has-text-align-center\" style=\"font-size:clamp(23.54px, 1.471rem + ((1vw - 3.2px) * 1.516), 39px);\">Skontaktuj si\u0119 z nami<\/p>\n\n\n\n<div class=\"wp-block-buttons is-content-justification-center is-layout-flex wp-container-core-buttons-is-layout-a89b3969 wp-block-buttons-is-layout-flex\">\n<div class=\"wp-block-button is-style-outline is-style-outline--2\"><a class=\"wp-block-button__link has-background has-text-align-center wp-element-button\" href=\"https:\/\/kwiaciarnia.olsztyn.pl\/index.php\/sample-page\/\" style=\"border-style:none;border-width:0px;background-color:#e35829;padding-top:5px;padding-right:19px;padding-bottom:5px;padding-left:19px;line-height:1.6\">Kontakt<\/a><\/div>\n<\/div>\n<\/div><\/div>\n\n\n\n<hr class=\"wp-block-separator has-alpha-channel-opacity\"\/>\n\n\n\n<p class=\"has-small-font-size\"><em>Nasza strona korzysta z plik\u00f3w cookies (tzw. ciasteczek), aby dzia\u0142a\u0142a prawid\u0142owo oraz aby analizowa\u0107 ruch i dostosowywa\u0107 tre\u015bci do potrzeb u\u017cytkownik\u00f3w. Pliki cookies mog\u0105 by\u0107 u\u017cywane do cel\u00f3w statystycznych (np. Google Analytics) oraz marketingowych (np. reklamy Google, Facebook).Mo\u017cesz w ka\u017cdej chwili wy\u0142\u0105czy\u0107 lub zmieni\u0107 obs\u0142ug\u0119 cookies w ustawieniach swojej przegl\u0105darki. Ograniczenie ich stosowania mo\u017ce wp\u0142yn\u0105\u0107 na niekt\u00f3re funkcje strony.<\/em><\/p>\n\n\n\n<p><\/p>\n","protected":false},"excerpt":{"rendered":"<p>O nas Kwiaciarnia Rosa to miejsce, gdzie kwiaty m\u00f3wi\u0105 wi\u0119cej ni\u017c s\u0142owa. Starannie dobrane i \u015bwie\u017ce, zamieniamy w bukiety, kt\u00f3re wzruszaj\u0105, ciesz\u0105 i zachwycaj\u0105. Niezale\u017cnie od okazji przygotowujemy dla Ciebie kompozycje pe\u0142ne pi\u0119kna i charakteru.Tworzymy zar\u00f3wno klasyczne bukiety, jak i nowoczesne aran\u017cacje dostosowane do Twoich potrzeb. Ka\u017cda kompozycja powstaje z pasj\u0105 i dba\u0142o\u015bci\u0105 o najdrobniejsze [&hellip;]<\/p>\n","protected":false},"author":1,"featured_media":0,"parent":0,"menu_order":0,"comment_status":"closed","ping_status":"closed","template":"","meta":{"footnotes":""},"class_list":["post-175","page","type-page","status-publish","hentry"],"_links":{"self":[{"href":"https:\/\/kwiaciarnia.olsztyn.pl\/index.php\/wp-json\/wp\/v2\/pages\/175","targetHints":{"allow":["GET"]}}],"collection":[{"href":"https:\/\/kwiaciarnia.olsztyn.pl\/index.php\/wp-json\/wp\/v2\/pages"}],"about":[{"href":"https:\/\/kwiaciarnia.olsztyn.pl\/index.php\/wp-json\/wp\/v2\/types\/page"}],"author":[{"embeddable":true,"href":"https:\/\/kwiaciarnia.olsztyn.pl\/index.php\/wp-json\/wp\/v2\/users\/1"}],"replies":[{"embeddable":true,"href":"https:\/\/kwiaciarnia.olsztyn.pl\/index.php\/wp-json\/wp\/v2\/comments?post=175"}],"version-history":[{"count":137,"href":"https:\/\/kwiaciarnia.olsztyn.pl\/index.php\/wp-json\/wp\/v2\/pages\/175\/revisions"}],"predecessor-version":[{"id":421,"href":"https:\/\/kwiaciarnia.olsztyn.pl\/index.php\/wp-json\/wp\/v2\/pages\/175\/revisions\/421"}],"wp:attachment":[{"href":"https:\/\/kwiaciarnia.olsztyn.pl\/index.php\/wp-json\/wp\/v2\/media?parent=175"}],"curies":[{"name":"wp","href":"https:\/\/api.w.org\/{rel}","templated":true}]}}